igit of g?
1
Suppose 4*n - 20 - 72 = 0. What is the tens digit of n?
2
Let o = -5 + 3. Let j = 9 - o. Suppose -3*d - 3*z + 6 = -0*z, 2*z = d - j. What is the units digit of d?
5
Let r(d) = d**2 + 11*d + 22. Let l be r(-9). Let x(c) = -c**2 - 10*c - 3. Let j be x(-7). Suppose j = l*y - 14. What is the units digit of y?
8
Let y(h) = -9*h + 9. Let q be y(10). Let r = -123 - q. What is the units digit of 2/(-7) + (-180)/r?
4
What is the tens digit of (1900/8)/5 + (-2)/(-4)?
4
Let b be (-4)/14 + 220/(-14). What is the units digit of ((-21)/(-12))/((-4)/b)?
7
Suppose f = 4*w + 3, -5*w - 4*f = 4 - 16. Let n = 11 - w. What is the tens digit of n?
1
Let d(t) = 2*t**2 + 38. What is the hundreds digit of d(13)?
3
Suppose -5*d = -3*d - 182. Suppose 0 = -4*t + 53 + d. What is the units digit of t?
6
Suppose -5*c + 9 = -2*c. Let u(n) = -n**3 + 6*n**2 + 5. Let z be u(6). Suppose 23 - c = z*b. What is the units digit of b?
4
Let n be (-2)/(-8) + (-5)/20. Let s = -1 - -13. Suppose n*v + s = 3*v. What is the units digit of v?
4
Let r(o) be the third derivative of -o**6/120 - o**5/12 - 5*o**4/24 + o**3/6 - o**2. What is the units digit of r(-5)?
6
Let t(m) = -m**3 - 4*m**2 + 15*m - 9. What is the units digit of t(-7)?
3
Suppose -4*y - 8 = 24. Let p = 3 - y. Let z = -5 + p. What is the units digit of z?
6
Suppose -11 = -5*i - 2*u - u, -4*u + 8 = 0. Let p(f) = f**2 - 1. Let b(c) = -3*c**2 - 6*c + 7. Let v(z) = i*b(z) + 2*p(z). What is the tens digit of v(-5)?
1
Let x = -45 + 82. Suppose -5*v - 12 + x = 0. What is the units digit of v?
5
Suppose -2 = g - 2*j - 0, 3*g = 2*j + 2. Suppose -1 = -g*n + 1. What is the units digit of n?
1
Let g(y) = -y + 6*y + 3 - 3*y. What is the tens digit of g(7)?
1
Suppose u - 4 = 2. Suppose -7*g = -u*g - 24. What is the units digit of g?
4
Let s(j) = j**3 + 3*j**2 + j + 3. Let p be s(-3). Suppose o - 5*l + 4 = 0, -3*o - 2*o + 6 = l. Let b = o + p. What is the units digit of b?
1
Let s(b) = b + 9. Let v = 7 - 3. Suppose g + 29 = -v*g + 3*f, -8 = 4*f. What is the units digit of s(g)?
2
Let v(t) = -t**3 - 7*t**2 + 5. Let s be v(-7). Suppose 0 = 2*r - 3*r + s. What is the units digit of r?
5
Suppose -4*p + 124 = -92. What is the units digit of p?
4
What is the units digit of (-19 - -7)*18/(-4)?
4
Let w(b) = 7*b**2 - 7*b + 2. Let u(i) = 20*i**2 - 21*i + 6. Let y(g) = -6*u(g) + 17*w(g). What is the units digit of y(5)?
8
Let f(z) = -19*z + 2. Let t be f(1). Let l = t + 21. What is the units digit of l?
4
Let k = -10 + 5. Let y = k - -9. What is the units digit of y?
4
Suppose 4*v = 83 + 177. What is the units digit of v?
5
Suppose -4*h + 6 = -h. Let j(l) = 2*l**3 - 2*l**2 + 3*l - 1. What is the units digit of j(h)?
3
Let o(p) = 10*p**2 + p. Let v be o(1). Suppose v = 4*c + 3. What is the units digit of 28/c*(-1)/(-2)?
7
Let j = -74 + 129. What is the tens digit of j?
5
Let l be (-2)/(-13) - (-2)/(-13). Suppose l = 5*g - 12 + 2. What is the units digit of g?
2
Let k = 5 - 6. What is the tens digit of k/(2 - 87/42)?
1
Suppose 7 = d - a, -6*d + 3*d + 4*a = -23. Suppose -l = -4*x - 2*l + 23, l - 29 = -d*x. What is the units digit of x?
6
Let y = -230 + 322. Let c = -46 + y. What is the units digit of c?
6
Let j be 15/(-12) - 1/(-4). Suppose 5*z - 12 - 18 = 2*h, -z + 5*h + 29 = 0. Let u = j + z. What is the units digit of u?
3
Let y be (4/12)/((-2)/(-30)). Suppose 3*u + 4 + 1 = 5*b, b = -y*u - 27. Let p(t) = -t**3 - 4*t**2 + 5*t + 3. What is the units digit of p(u)?
3
Let x = -14 - -64. What is the units digit of x?
0
What is the units digit of (421 + 1)*(3/(-2))/(-3)?
1
Let u = -10 + 22. What is the units digit of u?
2
Suppose -2*y + y + 7 = 0. What is the units digit of y?
7
Let k = 134 + -76. What is the tens digit of k?
5
Let t be ((-18)/(-12))/((-6)/8). What is the units digit of t/(-14) - 396/(-21)?
9
Suppose 4*m - m - 18 = 0. Suppose -2*v - 3*q - m = 0, -2*q = 2 + 6. What is the units digit of v?
3
Suppose 2*f - 97 = -35. Suppose 0 = 4*b + 11 - f. Suppose 3*c + 5*q = 16, b*q = -c - 1 + 3. What is the units digit of c?
7
Suppose 4*v - v = 2*n + 25, 10 = v - n. Let t(u) = -u**3 + 5*u**2 + 2*u - 7. What is the units digit of t(v)?
3
Let u be 0/1*2/4. Let a = 3 + u. Suppose 2*m - a - 11 = 0. What is the units digit of m?
7
Suppose 3*l + 2*o = -2*o + 152, 12 = -3*o. What is the tens digit of l?
5
Suppose -6 = 3*v - 3. What is the units digit of 24/(-15)*v*5?
8
Let h(w) = w**2 + 3*w + 2. Let f be h(-2). Suppose -5*s - 2*t + 149 = -3*t, f = 3*s - 3*t - 99. What is the units digit of s?
9
Let n = 5 + 14. What is the tens digit of n?
1
Suppose -3*g - 104 = -5*g. What is the tens digit of 8/g + 284/13?
2
Let r(h) = -2*h + 3. Let x be r(-13). Let v(c) = 3*c**2. Let i be v(-1). Suppose -3*f = z - 5*f + 2, -5*z = i*f - x. What is the units digit of z?
4
Suppose 34*v - 37*v = -180. What is the tens digit of v?
6
Let w(t) = -t**3 - 3*t**2 - t - 1. Let j be w(-3). Suppose 0 = -j*g + 36. What is the units digit of g?
8
Let g = 0 + 3. Suppose 2*z + 2*c = 4*z, -28 = g*z + 4*c. What is the units digit of 2/z - 20/(-8)?
2
Suppose 3*c = 4 - 1. Let m be 6 - (-1)/(0 - c). Suppose 0 = -3*t - d + 17, 5*t - m*d + 0*d - 35 = 0. What is the units digit of t?
6
Suppose -73 - 11 = -3*w. What is the units digit of w?
8
Let o = -76 - -54. Let l = 60 + o. What is the tens digit of l?
3
Let a be 1*2*7/7. Suppose 0*l + a*u = -l + 9, -18 = -l - 5*u. What is the units digit of l?
3
Suppose -44 = n - 2*n. What is the units digit of n?
4
Let b = -15 + 28. What is the units digit of b?
3
What is the units digit of -70*(-2)/(-4 - -6)?
0
Suppose -3*d + 2*d = -f + 8, 4*f - 20 = -2*d. Suppose 96 = f*k - 2*k. Let a = k - 12. What is the tens digit of a?
1
What is the tens digit of 22/99 + (-1472)/(-18)?
8
Let s(v) = -4*v**2 + 6*v + 2. Let c(m) = -m**2 - 1. Let y(b) = -3*c(b) + s(b). What is the units digit of y(6)?
5
Let r be (-1*(2 + -2))/(-2). Suppose 5*z + 4*u = -2 + 118, -2*u + 8 = r. Suppose 0 = -3*c - 2 + z. What is the units digit of c?
6
Let i = -1 + -1. Let n be 2*(i + (-9)/(-6)). What is the units digit of (-3)/n - 0/(-6)?
3
Suppose -4*u = -33 - 555. What is the tens digit of u?
4
Let u be ((-117)/65)/(3/(-5)). Suppose u*t - 1 = 2. What is the units digit of t?
1
Suppose -4*s - 5 = -1. What is the tens digit of (-5)/((-5)/14) - s?
1
Let g be 0 + (2*-1 - -44). Suppose -3*z = 3*u - g, -2*z - 5*u - 6 = -z. Suppose -2*a + z = w, -4*w + a + 46 = 3*a. What is the units digit of w?
9
Let j(l) = l**3 - 2*l**2 + 2*l - 2. Let w be j(2). Let c be (-114)/(-42) - 2/(-7). Let v = w + c. What is the units digit of v?
5
Suppose 0 = -m + 2*z - 29, 5*m - 3*z = 12 - 122. Let t(u) = -u**3 - 20*u**2 - 20*u + 22. What is the tens digit of t(m)?
4
Let k be (-10)/((-1 + 2)/(-4)). Let q = k + -29. What is the units digit of q?
1
Let f = 31 - -1. Let k be (-1)/5 - f/(-10). Suppose 2*b - 4*b + 4*a = -4, k*a = b + 1. What is the units digit of b?
8
What is the units digit of -1 - -20 - (4 + -4)?
9
Suppose 4*j + n = 48, 5*j = 7*n - 2*n + 35. Let l = j + -6. Suppose -2*u - 33 = -l*u. What is the tens digit of u?
1
Let k(y) = y**2 - 9*y + 3. Let c be k(7). Let z = c + 39. What is the tens digit of z?
2
What is the tens digit of (-1)/((-4)/(-242))*-2?
2
Suppose 0*i = -4*i - 4*m + 220, 4*m - 110 = -2*i. What is the tens digit of i?
5
Let o(h) = -21*h**3 + h**2 - h - 1. Let s be o(-1). Let f = -14 + s. What is the units digit of (-8)/(-3)*18/f?
6
Suppose 16*r - 13*r = 210. What is the tens digit of r?
7
Let q(b) = 2*b**3 + 2*b + 1. Let m be q(-1). Let f = m - -5. Suppose -14 = -f*k - 0. What is the units digit of k?
7
Let g = 58 - 15. What is the tens digit of g?
4
Let h(n) = -2*n + 2. Let v be h(-3). Suppose 4*l - 3 = -2*u + 13, 0 = 2*l + 4*u - v. Suppose 8*z = l*z + 8. What is the units digit of z?
2
Suppose 2*n = n + 10. What is the units digit of n?
0
Suppose -4*h + 22 = -2. Let w = h + -2. Suppose -5*k + w*k = -2. What is the units digit of k?
2
Let p(h) = -h + 12. Let n be p(8). Suppose o = -m - n, 4*m + 8*o - 3*o + 20 = 0. Suppose m*v + 28 = 4*v. What is the units digit of v?
7
Let g = 258 - 124. What is the hundreds digit of g?
1
Let x be 5*((-16)/5 + 2). Let t = x - -18. What is the tens digit of t?
1
Let x(h) = -89*h + 3. What is the units digit of x(-1)?
2
Let v = -3 - -5. Let j = 5 - v. Wh